 3*y = -1521, -364 = -x + 26*y - 30*y. What is the remainder when x is divided by 134?
116
Suppose 60 = 4*k + k. Let a(w) = w - 3*w + 2*w + w**2 - k. Calculate the remainder when a(6) is divided by 13.
11
Let g = -1239 - -1941. Let y(c) = -c**3 + 8*c**2 + 9*c + 157. What is the remainder when g is divided by y(10)?
44
Let f = 2027 - 1428. What is the remainder when f is divided by 34?
21
Let g(c) = 8*c + 6. Let a be g(-1). What is the remainder when a*(-10)/(-4) + (105 - 0) is divided by (4/(-10))/(1/(-65))?
22
Let u(i) = i**2 + i + 11. Calculate the remainder when (14*5)/(198/27 - 7) is divided by u(-7).
51
Let u = 405 - 278. What is the remainder when 130 is divided by u?
3
Let s = -49 - -39. Let x = s + 31. What is the remainder when x is divided by 5?
1
Let t(u) = 81*u - 651. Suppose -51 = -3*r + 33. Calculate the remainder when t(9) is divided by r.
22
Suppose 2*b - 2*x - 792 = 0, 2*x - 1074 = -5*b + 927. Suppose 5*m - 164 - 86 = 0. Calculate the remainder when b is divided by m.
49
Calculate the remainder when 0 + -2 - (-149 + (-40)/(-5)) is divided by 41.
16
Let v(b) = -4*b**2 - 346*b - 65. Calculate the remainder when v(-86) is divided by 37.
33
Let q(h) = 3*h - 14. Let t(g) = 3*g - 14. Let r(j) = 2*q(j) - 3*t(j). Let z be r(-6). Let w = z - 14. What is the remainder when w is divided by 7?
4
Let r(u) = 5*u**2 - 2*u - 3. Let a = -118 - -100. Let z be (1 + 2/(-4))/((-3)/a). Calculate the remainder when r(z) is divided by 16.
4
Suppose 35*l - 2443 - 1862 = 0. What is the remainder when 4179 is divided by l?
120
Let u be 1/1*6*(-4)/(-6). Calculate the remainder when (4 - (-136)/40) + u/(-10) is divided by 7.
0
Let j(z) = -29*z - 3390. Calculate the remainder when 776 is divided by j(-119).
44
Suppose -t - 3*n = 2, 4*t + 0*n - 5*n - 60 = 0. Suppose -5*p - 48 + 3 = 0. What is the remainder when -1 - p/11 - 11418/(-242) is divided by t?
7
What is the remainder when 1213 is divided by (-17880)/(-420) + (-4)/7?
37
Calculate the remainder when 20*(-24)/150*-10 is divided by 14.
4
Suppose 3 - 15 = 2*o. Let q(r) = 115*r + 109. Let v(a) = -29*a - 28. Let x(j) = -3*q(j) - 11*v(j). Calculate the remainder when x(o) is divided by 23.
22
Suppose a - 4*q - 410 = 0, -637 - 1066 = -4*a - 5*q. Calculate the remainder when a is divided by 210.
2
Let q(r) = 32*r + 652. What is the remainder when 151 is divided by q(-19)?
19
Let i = 4364 - 4340. Suppose -21 + 9 = -2*l. Suppose 0 = 2*p + 5*x - 125, 353 = l*p - p - x. Calculate the remainder when p is divided by i.
22
Let a = 4866 + -4711. What is the remainder when 311 is divided by a?
1
Let h(c) = -c**3 - c**2 + 244*c - 35. What is the remainder when 13822 is divided by h(15)?
22
Let y(k) = 6*k + 27. Let s be y(0). Suppose v + 17 = 2*r, 0 = 3*r + 4*v - 26 - s. Suppose 15*a - r*a = 180. Calculate the remainder when a is divided by 6.
3
Suppose 3*m = 15, -t + 0*m + 21 = 4*m. Let g(w) = 128*w - 11. What is the remainder when g(t) is divided by 58?
1
Let i = 272 + -227. Calculate the remainder when 159 is divided by (12/10)/(2/i).
24
Suppose -h + 2 + 6 = 0. Suppose -h = 2*l, 2*l + 0*l = 4*u - 28. What is the remainder when 19 is divided by u?
4
Calculate the remainder when (-33)/(-55) + -647*(-2)/10 is divided by 40.
10
Let h(p) = p**2 - 1. Let g be h(2). Suppose g*x = a - 25, 3*x - 46 = -a - x. Calculate the remainder when a is divided by 11 + (-2)/2 - 1.
7
Let m(w) = 2*w**3 - 19*w**2 - 7*w - 135. What is the remainder when 6641 is divided by m(11)?
148
Suppose -3*h + 5*t = -220, -52*h = -51*h - 3*t - 68. Calculate the remainder when 2317 is divided by h.
77
Let c(y) = 68*y**2 + 474*y + 8. What is the remainder when 583 is divided by c(-7)?
11
Let n = 568 + -400. What is the remainder when 671 is divided by n?
167
Let c(y) = 26*y**3 - 42*y**2 + 42*y + 1. Calculate the remainder when 41 is divided by c(1).
14
Suppose 4*r - 15*s = -18*s + 19564, 24455 = 5*r + 3*s. Calculate the remainder when r is divided by 51.
46
Suppose 0 = 13*i - 549 - 270. Calculate the remainder when 687 is divided by i.
57
Let c(z) = z**2 - 7*z + 9. Let b be c(4). Let q(w) = -w**3 - 7*w**2 - 6*w + 5. Calculate the remainder when q(-6) is divided by b/(((-45)/(-6))/(-5)).
1
Suppose 87*f = 747 + 3429. Calculate the remainder when 2062 is divided by f.
46
Let o be 2/(-4) + 1/2. Suppose -s - 3*d = -53, -6*s + 4*d + 132 = -2*s. What is the remainder when s is divided by 6 + o - 8 - (-18 + 2)?
10
Let x = 0 - -4. Suppose -14 = v - 3*v - p, 0 = -x*v - 3*p + 26. What is the remainder when 77 is divided by v?
5
Let x(i) be the first derivative of i**2 + 10*i - 13. Let v be x(-6). Let m(f) = -7*f**3 - f**2 + 2*f - 1. Calculate the remainder when m(v) is divided by 16.
15
Suppose -2*t = 4*h - 3 - 45, -t - 3*h + 28 = 0. Let l(i) = -11*i**2 - 6*i - 4. Let q be l(-4). Let d = 231 + q. Calculate the remainder when d is divided by t.
11
Suppose -3*b + 0*a = -3*a - 3, -5 = -5*b - 3*a. What is the remainder when 13 is divided by (1/(4/8) - b) + 4?
3
Let n(b) = b**2 - b + 11. What is the remainder when (-282)/1269 + 1660/18 is divided by n(0)?
4
Suppose -2*c - 74 = 50. Let m = c - -74. Suppose -m - 18 = -3*x. What is the remainder when 28 is divided by x?
8
Let v(h) = 103*h - 20. Calculate the remainder when v(2) is divided by 5/15*(44 + -17).
6
Let d(w) = -337*w + 31684. Suppose 0 = 3*n - 5*q - 74, 4*n - 6*n = q - 32. What is the remainder when n is divided by d(94)?
0
Let l = -38 - -18. Let m = l - 1. Calculate the remainder when (m/6)/(2/(-36)) is divided by 8.
7
Suppose 0 = -2*l + 5*f - 1, 0*f - f - 5 = -3*l. Suppose l*c + 32 = 2*r, -2*r + c = -43 + 6. Calculate the remainder when 66 is divided by r.
3
Suppose -292*p = -125*p - 1002. What is the remainder when 1894 is divided by p?
4
Suppose 186*t - 184*t + 882 = 0. Let w = t + 455. Calculate the remainder when 110 is divided by w.
12
Suppose 2070 - 2490 = -74*n + 2170. Calculate the remainder when n is divided by (-11)/(-2) - (-2)/4.
5
Let j = -513 - -517. Suppose 178 = -0*f + 5*f + j*v, 2*v - 72 = -2*f. What is the remainder when (20/(-2))/((-4)/26) is divided by f?
31
Suppose -39*w + 3677 = -34*w - 2*b, -b = -5*w + 3681. Calculate the remainder when w is divided by 37.
34
Let s be (-10)/3*(-147)/14. Suppose -s = 3*g - 10*g. Suppose n - 2*n = -5*i - 42, 0 = g*n - i - 138. What is the remainder when 134 is divided by n?
26
Suppose 2*j + 6*w - 298 - 464 = 0, 5*w = 5*j - 1805. Calculate the remainder when j is divided by 41.
38
Suppose -6864 = 28*v - 40*v. Let f = v + -554. What is the remainder when f is divided by 12?
6
Suppose -o + 3*o - 3*g = 224, 5*g + 444 = 4*o. Let m(l) = 2*l**3 + 4*l**2 - 4*l + 3. Suppose -2 + 8 = 3*a. What is the remainder when o is divided by m(a)?
25
Suppose n = 3*v - 37, -2*n - 1 = -3*v + 37. Let z = 21 - -9. Calculate the remainder when z is divided by v.
6
Let u = 4550 - 3081. Calculate the remainder when u is divided by 64.
61
Let s = -88 + 157. Let n = s - 67. Suppose -8*r + 54 = -n*r. Calculate the remainder when r is divided by 5.
4
Calculate the remainder when 781 is divided by (-2 - -4) + 6/(-7*(-14)/637).
2
Suppose 0 = -3*v - u + 8, -2*v = -4*v - 3*u + 3. Suppose i - 5 = -3*w, v*w - 5*i + 14 = 7*w. What is the remainder when 26 is divided by w?
0
Suppose -64*h + 1181 + 1123 = 0. Suppose -3516 + 8808 = h*y. Suppose 0 = -3*j + 67 + 23. What is the remainder when y is divided by j?
27
Suppose 0 = 24*l - 10*l + 3150. Let k = -157 - l. Calculate the remainder when k is divided by 13.
3
Suppose 3*v = 4*n - 4847, -4*n + 4*v + 3569 + 1271 = 0. What is the remainder when n is divided by 9?
2
Let k be (2/6)/(26/7410). Let h = -49 + k. What is the remainder when 137 is divided by h?
45
Suppose -11*n + 13*n - m - 853 = 0, 2*n - 855 = 3*m. Let l = -405 + n. Calculate the remainder when 103 is divided by l.
19
Let d(n) = -n**3 + 55*n**2 - 159*n + 187. Calculate the remainder when 113 is divided by d(52).
20
Let x(y) = 6*y**2 - 44*y + 27. Calculate the remainder when 116*(1 - 0 - 0) is divided by x(7).
12
Suppose -52*l = 4*o - 50*l - 522, 0 = -5*l + 25. What is the remainder when o is divided by 32?
0
Suppose 423*h + 48 = 427*h. Let p be -3*((-32)/(-6))/(-2). Calculate the remainder when (-9)/h*-3*p is divided by 10.
8
Let c be ((-68)/(-20) - 3)*15. What is the remainder when 11